units digit of 927?
7
What is the units digit of 30495?
5
What is the tens digit of 824?
2
What is the hundreds digit of 1606?
6
What is the hundreds digit of 14488?
4
What is the tens digit of 26076?
7
What is the hundreds digit of 30032?
0
What is the units digit of 589?
9
What is the units digit of 25641?
1
What is the tens digit of 1552?
5
What is the hundreds digit of 2168?
1
What is the thousands digit of 32799?
2
What is the units digit of 18011?
1
What is the thousands digit of 1770?
1
What is the hundreds digit of 20516?
5
What is the ten thousands digit of 19049?
1
What is the thousands digit of 48839?
8
What is the thousands digit of 10487?
0
What is the tens digit of 29433?
3
What is the tens digit of 311?
1
What is the units digit of 8156?
6
What is the thousands digit of 3675?
3
What is the hundreds digit of 15201?
2
What is the units digit of 738?
8
What is the units digit of 39967?
7
What is the tens digit of 614?
1
What is the thousands digit of 8233?
8
What is the units digit of 14635?
5
What is the hundreds digit of 3250?
2
What is the units digit of 982?
2
What is the thousands digit of 1702?
1
What is the hundreds digit of 47157?
1
What is the hundreds digit of 893?
8
What is the tens digit of 13540?
4
What is the tens digit of 3061?
6
What is the units digit of 8658?
8
What is the thousands digit of 37657?
7
What is the hundreds digit of 61457?
4
What is the tens digit of 21142?
4
What is the units digit of 3330?
0
What is the units digit of 1590?
0
What is the units digit of 656?
6
What is the tens digit of 4533?
3
What is the hundreds digit of 228?
2
What is the thousands digit of 43647?
3
What is the units digit of 2229?
9
What is the tens digit of 32?
3
What is the hundreds digit of 27826?
8
What is the hundred thousands digit of 119397?
1
What is the hundreds digit of 838?
8
What is the hundreds digit of 248?
2
What is the hundreds digit of 1655?
6
What is the thousands digit of 2030?
2
What is the tens digit of 1095?
9
What is the units digit of 1566?
6
What is the hundreds digit of 30028?
0
What is the tens digit of 838?
3
What is the ten thousands digit of 24135?
2
What is the thousands digit of 9349?
9
What is the thousands digit of 21954?
1
What is the units digit of 296?
6
What is the ten thousands digit of 24793?
2
What is the thousands digit of 52123?
2
What is the units digit of 55535?
5
What is the units digit of 6582?
2
What is the thousands digit of 3433?
3
What is the units digit of 5357?
7
What is the hundreds digit of 355?
3
What is the ten thousands digit of 70899?
7
What is the units digit of 20801?
1
What is the ten thousands digit of 96339?
9
What is the ten thousands digit of 23287?
2
What is the units digit of 75151?
1
What is the hundreds digit of 67605?
6
What is the thousands digit of 3468?
3
What is the tens digit of 89172?
7
What is the units digit of 23093?
3
What is the units digit of 9274?
4
What is the hundreds digit of 503?
5
What is the units digit of 15422?
2
What is the tens digit of 5244?
4
What is the hundreds digit of 892?
8
What is the thousands digit of 49836?
9
What is the tens digit of 2571?
7
What is the tens digit of 651?
5
What is the thousands digit of 4344?
4
What is the units digit of 1417?
7
What is the hundreds digit of 7100?
1
What is the ten thousands digit of 86303?
8
What is the ten thousands digit of 12111?
1
What is the hundreds digit of 9704?
7
What is the hundreds digit of 254?
2
What is the ten thousands digit of 49772?
4
What is the tens digit of 219?
1
What is the units digit of 81417?
7
What is the units digit of 964?
4
What is the hundreds digit of 583?
5
What is the units digit of 23817?
7
What is the thousands digit of 1101?
1
What is the tens digit of 500?
0
What is the hundreds digit of 793?
7
What is the units digit of 3056?
6
What is the hundreds digit of 4002?
0
What is the hundreds digit of 1371?
3
What is the hundreds digit of 6194?
1
What is the ten thousands digit of 13504?
1
What is the units digit of 27446?
6
What is the tens digit of 670?
7
What is the tens digit of 6523?
2
What is the tens digit of 13834?
3
What is the tens digit of 940?
4
What is the thousands digit of 4114?
4
What is the units digit of 2?
2
What is the tens digit of 651?
5
What is the thousands digit of 1668?
1
What is the units digit of 114411?
1
What is the units digit of 47?
7
What is the thousands digit of 66660?
6
What is the units digit of 18921?
1
What is the tens digit of 20374?
7
What is the hundreds digit of 32812?
8
What is the ten thousands digit of 52043?
5
What is the hundreds digit of 3673?
6
What is the thousands digit of 1441?
1
What is the thousands digit of 67109?
7
What is the hundreds digit of 18017?
0
What is the tens digit of 32030?
3
What is the hundreds digit of 26631?
6
What is the tens digit of 923?
2
What is the thousands digit of 10666?
0
What is the units digit of 25423?
3
What is the hundreds digit of 24354?
3
What is the hundreds digit of 4870?
8
What is the ten thousands digit of 12839?
1
What is the tens digit of 564?
6
What is the units digit of 4247?
7
What is the hundreds digit of 28343?
3
What is the tens digit of 2576?
7
What is the hundreds digit of 21159?
1
What is the tens digit of 61010?
1
What is the hundreds digit of 41481?
4
What is the hundreds digit of 203?
2
What is the units digit of 1873?
3
What is the units digit of 747?
7
What is the thousands digit of 15022?
5
What is the hundreds digit of 342?
3
What is the hundreds digit of 6562?
5
What is the tens digit of 34743?
4
What is the tens digit of 8398?
9
What is the hundreds digit of 7504?
5
What is the tens digit of 17378?
7
What is the thousands digit of 2920?
2
What is the units digit of 75417?
7
What is the hundreds digit of 592?
5
What is the units digit of 1435?
5
What is the thousands digit of 27002?
7
What is the thousands digit of 18090?
8
What is the hundreds digit of 284?
2
What is the tens digit of 85794?
9
What is the units digit of 412?
2
What is the tens digit of 205?
0
What is the hundreds digit of 6742?
7
What is the hundreds digit of 2521?
5
What is the hundreds digit of 1247?
2
What is the hundreds digit of 1972?
9
What is the hundreds digit of 263?
2
What is the units digit of 1182?
2
What is the units digit of 6101?
1
What is the hundreds digit of 502?
5
What is the tens digit of 739?
3
What is the thousands digit of 7473?
7
What is the thousands digit of 1119?
1
What is the thousands digit of 40309?
0
What is the thousands digit of 18907?
8
What is the units digit of 8453?
3
What is the units digit of 5?
5
What is the tens digit of 592?
9
What is the thousands digit of 3136?
3
What is the tens digit of 8589?
8
What is the hundreds digit of 34308?
3
What is the thousands digit of 1896?
1
What is the units digit of 1581?
1
What is the tens digit of 154?
5
What is the tens digit of 979?
7
What is the units digit of 4996?
6
What is the thousands digit of 17934?
7
What is the thousands digit of 19711?
9
What is the tens digit of 3060?
6
What is the ten thousands digit of 81303?
8
What is the tens digit of 178?
7
What is the tens digit of 1268?
6
What is the thousands digit of 3564?
3
What is the tens digit of 23421?
2
What is the ten thousands digit of 63750?
6
What is the thousands digit of 9800?
9
What is the hundred thousands digit of 144888?
1
What is the units digit of 2362?
2
What is the thousands digit of 7278?
7
What is the hundreds digit of 21926?
9
What is the tens digit of 1998?
9
What is the hundreds digit of 158950?
9
What is the units digit of 67830?
0
What is the tens digit of 11918?
1
What is the units digit of 3146?
6
What is the tens digit of 1091?
9
What is the units digit of 1117?
7
What is the units digit of 16661?
1
What is the units digit of 1954?
4
What is the tens digit of 1022?
2
What is the units digit of 84?
4
What is the units digit of 742?
2
What is the ten thousands digit of 24043?
2
What is the hundred thousands digit of 137572?
1
What is the thousands digit of 135647?
5
What is the thousands digit of 4817?
4
What is the tens digit of 859?
5
What is the hundreds digit of 962?
9
What is the hundreds digit of 42185?
1
What is the hundreds digit of 38372?
3
What is the ten thousands digit of 13343?
1
What is the units digi